alculate the remainder when 250397 is divided by 623.
574
Calculate the remainder when 31365209 is divided by 11315.
29
Calculate the remainder when 5681069 is divided by 308.
9
Calculate the remainder when 145315007 is divided by 576.
575
Calculate the remainder when 126612319 is divided by 80.
79
What is the remainder when 31632088 is divided by 645?
643
What is the remainder when 59121609 is divided by 268?
5
What is the remainder when 33071 is divided by 2352?
143
What is the remainder when 1237645 is divided by 11357?
11089
What is the remainder when 1849128 is divided by 752?
712
Calculate the remainder when 478471 is divided by 1126.
1047
What is the remainder when 958377105 is divided by 847?
840
What is the remainder when 5586570 is divided by 1026?
0
Calculate the remainder when 19541506 is divided by 14.
12
What is the remainder when 217100 is divided by 216266?
834
What is the remainder when 139533414 is divided by 113?
110
What is the remainder when 1184776 is divided by 592352?
72
Calculate the remainder when 52297 is divided by 2600.
297
What is the remainder when 606175 is divided by 16?
15
What is the remainder when 1679626 is divided by 29993?
18
What is the remainder when 95303 is divided by 2810?
2573
What is the remainder when 15963069 is divided by 2116?
2081
Calculate the remainder when 5883580 is divided by 5883563.
17
What is the remainder when 406838 is divided by 5976?
470
What is the remainder when 31658 is divided by 427?
60
What is the remainder when 61786 is divided by 1069?
853
What is the remainder when 797696 is divided by 10226?
68
Calculate the remainder when 32318 is divided by 15924.
470
What is the remainder when 1768020 is divided by 16220?
40
What is the remainder when 10401845 is divided by 2600457?
17
Calculate the remainder when 7775241 is divided by 578.
563
What is the remainder when 140553 is divided by 140326?
227
What is the remainder when 5806113 is divided by 414716?
89
Calculate the remainder when 1751836 is divided by 583531.
1243
Calculate the remainder when 2335888 is divided by 237.
16
What is the remainder when 1975965 is divided by 21?
12
What is the remainder when 442585 is divided by 2078?
2049
What is the remainder when 1005158 is divided by 334634?
1256
What is the remainder when 7537199 is divided by 598?
7
Calculate the remainder when 522498426 is divided by 134.
132
Calculate the remainder when 1037696 is divided by 356.
312
Calculate the remainder when 1171036 is divided by 755.
31
What is the remainder when 844441 is divided by 76?
5
Calculate the remainder when 149396 is divided by 1715.
191
Calculate the remainder when 1205163 is divided by 803.
663
What is the remainder when 1274151 is divided by 24982?
69
What is the remainder when 169508459 is divided by 189?
29
Calculate the remainder when 43544 is divided by 3539.
1076
What is the remainder when 2380824 is divided by 1190382?
60
Calculate the remainder when 3154612 is divided by 564.
160
What is the remainder when 87486768 is divided by 201119?
3
Calculate the remainder when 2629248 is divided by 2253.
2250
Calculate the remainder when 3263469 is divided by 5637.
5283
Calculate the remainder when 33986044 is divided by 1198.
1180
What is the remainder when 7693823 is divided by 2966?
19
What is the remainder when 106576906 is divided by 935?
931
What is the remainder when 23541313 is divided by 6256?
6241
Calculate the remainder when 46221904 is divided by 64646.
14
What is the remainder when 1825776 is divided by 11?
7
What is the remainder when 596470 is divided by 852?
70
What is the remainder when 41891 is divided by 6730?
1511
Calculate the remainder when 209732 is divided by 104.
68
Calculate the remainder when 111248 is divided by 27804.
32
What is the remainder when 162315 is divided by 1847?
1626
What is the remainder when 268259968 is divided by 1706?
1704
What is the remainder when 100601861 is divided by 351?
347
Calculate the remainder when 2129967 is divided by 53249.
7
Calculate the remainder when 585610 is divided by 192.
10
Calculate the remainder when 163721 is divided by 20389.
609
What is the remainder when 22872172 is divided by 78062?
6
Calculate the remainder when 77332667 is divided by 1045036.
3
Calculate the remainder when 434656 is divided by 87.
4
Calculate the remainder when 595994330 is divided by 417.
416
What is the remainder when 207860 is divided by 1575?
1535
Calculate the remainder when 10500 is divided by 2285.
1360
Calculate the remainder when 795709 is divided by 170.
109
Calculate the remainder when 8956076 is divided by 1191.
947
Calculate the remainder when 63276 is divided by 3948.
108
Calculate the remainder when 44227 is divided by 2786.
2437
Calculate the remainder when 313049 is divided by 11581.
362
Calculate the remainder when 1442819 is divided by 1331.
15
What is the remainder when 6274232 is divided by 3137100?
32
What is the remainder when 35871986 is divided by 2226?
2222
What is the remainder when 8435608 is divided by 66422?
14
What is the remainder when 15193856 is divided by 735?
671
What is the remainder when 5281297 is divided by 76?
57
What is the remainder when 8151257 is divided by 107252?
105
Calculate the remainder when 1432605 is divided by 286520.
5
What is the remainder when 7273405 is divided by 5199?
4
Calculate the remainder when 1229772 is divided by 1304.
100
Calculate the remainder when 57160 is divided by 794.
786
What is the remainder when 102638 is divided by 102505?
133
What is the remainder when 81916 is divided by 20477?
8
Calculate the remainder when 202300013 is divided by 67433332.
17
Calculate the remainder when 531364712 is divided by 2566.
2564
Calculate the remainder when 965641 is divided by 482795.
51
What is the remainder when 343796 is divided by 864?
788
What is the remainder when 1047614 is divided by 75?
14
Calculate the remainder when 115120 is divided by 224.
208
What is the remainder when 4968634 is divided by 1006?
0
Calculate the remainder when 94519740 is divided by 311.
309
What is the remainder when 12596150 is divided by 4549?
4518
What is the remainder when 3107677 is divided by 9249?
13
Calculate the remainder when 196139 is divided by 131.
32
What is the remainder when 327247 is divided by 689?
661
What is the remainder when 41617310 is divided by 17355?
20
What is the remainder when 80192 is divided by 1057?
917
What is the remainder when 8459322 is divided by 272881?
11
What is the remainder when 5873784 is divided by 279704?
0
Calculate the remainder when 4861859 is divided by 327.
23
Calculate the remainder when 9513262 is divided by 585.
577
Calculate the remainder when 264231416 is divided by 182.
176
What is the remainder when 7524 is divided by 3329?
866
What is the remainder when 150640 is divided by 2843?
2804
Calculate the remainder when 840934 is divided by 210104.
518
Calculate the remainder when 514981 is divided by 138.
103
Calculate the remainder when 177243 is divided by 4149.
2985
Calculate the remainder when 737286 is divided by 3021.
162
Calculate the remainder when 11412080 is divided by 3673.
69
What is the remainder when 5964443 is divided by 4741?
265
Calculate the remainder when 1409643 is divided by 2765.
2258
What is the remainder when 2926633 is divided by 15?
13
What is the remainder when 324864 is divided by 62?
46
Calculate the remainder when 64451615 is divided by 1401122.
3
What is the remainder when 9067008 is divided by 1963?
1874
What is the remainder when 105898 is divided by 868?
2
Calculate the remainder when 260433 is divided by 843.
789
What is the remainder when 18004279 is divided by 1476?
31
Calculate the remainder when 71482 is divided by 10047.
1153
Calculate the remainder when 90541484 is divided by 525.
509
Calculate the remainder when 1287755 is divided by 32193.
35
What is the remainder when 3061245 is divided by 1975?
1970
What is the remainder when 57987600 is divided by 417?
414
Calculate the remainder when 612968 is divided by 8825.
4043
Calculate the remainder when 72538584 is divided by 21803.
3
What is the remainder when 13588662 is divided by 27?
21
Calculate the remainder when 6142101 is divided by 30.
21
What is the remainder when 1757476 is divided by 